se
Suppose -3*w + 2712 = 4*k, 4*w = 9*w. Is k a multiple of 8?
False
Suppose 13*h - 12*h = 782. Is 13 a factor of h?
False
Let v be 860/180 - 2/(-9). Let w(g) = 75*g + 22. Is w(v) a multiple of 21?
False
Suppose 0 = 3*p + p - 12. Suppose 5*x - 455 = -0*x + 2*b, -3*b = -p*x + 273. Is x a multiple of 16?
False
Is (-2)/(2 - 4)*5 a multiple of 5?
True
Is 702 + ((-6)/(-8) - (-56)/(-32)) a multiple of 42?
False
Suppose 6*i + 122 = 428. Suppose -i = -5*a + 2*a - 5*u, 4*a - u - 45 = 0. Is a a multiple of 4?
True
Suppose w - 3*h - 493 = 0, -5*h = -3*w + 700 + 763. Does 5 divide w?
False
Let k = -300 - -705. Is 27 a factor of k?
True
Let w(a) = -a**2 + 12*a + 33. Let l be w(-6). Let v = l + 85. Is v even?
True
Suppose -2*r + 38 = -5*v - r, -r - 18 = 2*v. Let w(m) = -17*m - 64. Is 13 a factor of w(v)?
False
Let b(z) = -29*z + 143. Does 69 divide b(-26)?
True
Suppose -5*x = -2*x + 12. Let g be x/(-4)*12 + -3. Is ((-30)/g)/((-6)/27) a multiple of 5?
True
Let s = -190 + 275. Does 2 divide s?
False
Let m = -895 - -1075. Does 18 divide m?
True
Suppose 148 + 12 = -2*r. Let p = r - -153. Suppose 11 = b - p. Does 14 divide b?
True
Let f = -28 + 16. Let r = f + 12. Let j = 21 - r. Is 7 a factor of j?
True
Let x(w) = -w**3 - 2*w**2 - 3*w. Let u be ((-24)/(-20))/3*-5. Let o be x(u). Suppose o*y + 62 = 8*y. Is y a multiple of 7?
False
Let z = -38 + 553. Suppose 15*x - 20*x = -z. Does 24 divide x?
False
Let x(d) be the second derivative of -14*d**3 - 3*d**2/2 - 6*d - 4. Is x(-2) a multiple of 43?
False
Let m be (5/10)/(2/400). Suppose -4*j - j + m = 0. Is 9 a factor of j?
False
Let g = -221 - -451. Let u = g - 147. Is u a multiple of 21?
False
Let v(p) = -3*p**3 - 6*p**2 + 4*p - 2. Is v(-5) a multiple of 2?
False
Suppose -c = 14*q - 9*q - 918, 0 = c + 2*q - 927. Is 15 a factor of c?
False
Suppose -4*q = w - 23, 2*w + 2*w + 3 = 3*q. Suppose -2*v + 394 = -f, -w*v - f + 6*f + 598 = 0. Is 14 a factor of v?
True
Suppose 0 = -12*z + 2*z + 30. Does 14 divide 2/(-12)*(z + -167)*3?
False
Suppose l + 1 - 5 = 0. Let r be 1/l - 9/36. Suppose y - 26 + 6 = r. Is 5 a factor of y?
True
Let h(m) = 2*m**2 - 4*m + 3. Let d be h(2). Suppose 5*f + 48 = 3*z, d*z + 0*f = -3*f + 24. Is z a multiple of 7?
False
Suppose q + 5*s - s - 16 = 0, 4*q - 86 = -5*s. Is (-8)/((26/q)/(-13)) a multiple of 24?
True
Is 20 a factor of 3/((-6)/(-56))*(-1035)/(-60)?
False
Let i = 702 + -391. Is i a multiple of 19?
False
Let p(b) = b**2 - 1. Let n be p(0). Let x(h) = 187*h**2 - 2*h - 1. Let q be x(n). Is 9/(-36)*q/(-1) a multiple of 12?
False
Let n(s) = -s**2 - 18*s - 56. Let w be n(-15). Let a = w + 41. Does 4 divide a?
False
Let o(x) be the third derivative of x**5/60 + x**4/2 + x**3/2 - 9*x**2. Let i be o(-12). Suppose 5*w - 2*l = i + 70, 2*l + 47 = 3*w. Is w a multiple of 3?
False
Suppose 11 = 3*x - 4. Suppose 3*k = x*y + 314, -5*k - 5*y = -561 + 91. Is 15 a factor of k?
False
Suppose u - 5*o - 2436 = 0, -4872 = 4*u - 6*u - o. Is 29 a factor of u?
True
Let w = 21 - 20. Is 29 a factor of -3 + 5 - -27*w?
True
Let s be (-4 - (-26)/7) + 310/7. Let t = s - -25. Is t a multiple of 18?
False
Let l(p) = 64*p - 57. Is 7 a factor of l(9)?
False
Let o(g) = 9*g**2 + 52*g + 48. Let r(a) = -4*a**2 - 26*a - 24. Let p(n) = 2*o(n) + 5*r(n). Is p(-7) a multiple of 37?
False
Suppose 6*k - 3439 = -1129. Is k a multiple of 9?
False
Let l(o) = 2*o**3 - o**2 + 3*o - 6. Let z(a) = -2*a**3 + 2*a**2 - 4*a + 7. Let y(w) = 7*l(w) + 6*z(w). Let t be y(-4). Is 3 - (3 + 1) - t a multiple of 14?
False
Let f(m) = -15*m**2 - 49*m - 25. Let z(u) = -7*u**2 - 24*u - 13. Let x(y) = -4*f(y) + 7*z(y). Is 20 a factor of x(-5)?
False
Let u(s) = s**3 + 13*s**2 - 24*s + 6. Let x be u(-14). Suppose -3*t = -9, 0 = f + 2*t - 7 - x. Is 7 a factor of f?
True
Let y = -84 + 566. Is 49 a factor of (y/(-7))/(10/(-35))?
False
Let l(c) = 2*c**2 + 9*c - 6. Does 13 divide l(12)?
True
Suppose 4*d - 6 + 14 = 0. Let q = 2 + d. Suppose -4*s = 5*l - 245, s - l - 68 = -q*l. Is 13 a factor of s?
True
Let k be (1 + -9)/(2/2). Let q be 0 + 27 + 11 + k. Does 3 divide (-66)/(-55)*q/4?
True
Let t(f) be the third derivative of 0*f + 1/8*f**4 - f**3 + 1/30*f**5 + 3*f**2 + 0. Is t(-6) a multiple of 12?
True
Let q(t) = -294*t + 286. Is 25 a factor of q(-6)?
True
Suppose 29*c = 25*c + 48. Is 33 a factor of c/(-1)*(-33)/2?
True
Suppose 3*h - 4*y + 19 = -0*y, -4*h = 5*y + 77. Let d = h - -193. Suppose -3*o + 0*o + d = 0. Does 10 divide o?
True
Let o(c) = -c + 7. Let w be o(3). Let k(r) be the second derivative of r**5/20 - r**4/3 + 5*r**3/6 + r**2/2 + 37*r. Does 18 divide k(w)?
False
Let n(h) be the first derivative of 5*h**4/2 - h**3/3 + h**2/2 - 2*h - 5. Let x(t) = -t**3 + 4*t**2 - t - 4. Let j be x(3). Does 19 divide n(j)?
True
Suppose -418*q + 422*q = -5*n + 7256, 4*n = 5*q + 5813. Is n a multiple of 14?
False
Let c(j) = -j**2 + 18*j - 3. Let k be c(6). Suppose 3*a + 18 - k = 0. Is a a multiple of 3?
False
Suppose 5*f + 4*j - 694 = 177, 0 = 3*f - j - 526. Does 35 divide f?
True
Suppose 0 = -2*f - 0 - 4. Let i be (-8 + 6)/(f/3). Let y = i - -33. Is y a multiple of 18?
True
Let y be (-13)/39*41*-3. Suppose 3*s = d + 368, 3*s - 3*d = 325 + y. Is 28 a factor of s?
False
Let b(y) = 3*y - 9*y**2 - 8 + 5*y**2 - 2*y**2 - y**3. Is 10 a factor of b(-7)?
True
Suppose -15*j = -4*o - 14*j + 7337, 0 = 5*o + 5*j - 9165. Is o a multiple of 7?
True
Let x be (-5022)/33 - ((-230)/55 - -4). Let n = x + 292. Is n a multiple of 14?
True
Let w be (-3 - (-95)/15)*(-984)/5. Let j = w - -956. Is 50 a factor of j?
True
Let p(z) = 6*z**2 - 8*z + 2. Let j be -2 + 0 + -5 + 3. Does 32 divide p(j)?
False
Does 32 divide (39819/(-12))/13*-4?
False
Suppose 2*k - 67 = x, 2*x = -5*k + 79 + 102. Suppose -6*o + o = k. Let q(t) = t**3 + 8*t**2 - 3*t + 3. Is q(o) a multiple of 20?
False
Suppose 7 - 1 = 3*r. Suppose r*m = -m + 12. Suppose -m*k + 121 - 33 = 0. Is 14 a factor of k?
False
Let h(g) = 1 + 3*g**2 + g + 0*g - 2 + 9*g**2. Let y be h(1). Suppose y = -5*r + 6*r. Is 12 a factor of r?
True
Suppose -5*y = 208*x - 210*x - 765, 0 = x. Does 42 divide y?
False
Let m(k) = 3*k + 63. Does 7 divide m(7)?
True
Let q = 19 - 24. Let l be (4/q)/((-2)/(-120)). Let f = 108 + l. Is f a multiple of 15?
True
Let c be (-2 + 0 + -23)/1. Let g = c - -31. Is 6 a factor of g?
True
Let a = 3 + -2. Suppose 0 = 4*l - a - 43. Let c = -5 + l. Is c a multiple of 3?
True
Let q(v) be the first derivative of 4*v**3/3 - v**2 - 16*v + 7. Is q(-6) a multiple of 20?
True
Let f(l) = 146*l + 140*l + 29 - 285*l. Is 6 a factor of f(-4)?
False
Suppose -842 - 2518 = -2*l. Is (l/8)/(6/4) a multiple of 28?
True
Let m(l) = l + 2. Let x be m(-2). Let v(i) = x + i + 4 - 5. Is v(6) a multiple of 5?
True
Let x = -23 + 25. Suppose x*a + 29 = 109. Is a a multiple of 20?
True
Let c(y) = 98*y + 216. Is c(4) a multiple of 38?
True
Suppose 3*m + 544 = 2*r, -r + 2*m - 33 + 304 = 0. Is r a multiple of 18?
False
Let q = 7016 + -4531. Does 35 divide q?
True
Is 25 a factor of -1 + 12/15 + 12257/35?
True
Suppose -7 - 4 = g. Let k = g + 14. Suppose -o = -5*v - 17 + 152, k*o + 93 = 3*v. Is 13 a factor of v?
True
Let r(x) = 3*x + 6. Let j(m) = 2*m + 6. Let k(c) = -4*j(c) + 3*r(c). Suppose 52 = 4*f - 3*u, 0 = -2*u - 2*u. Is k(f) a multiple of 3?
False
Let h be 1/(1 + (-3)/6). Does 4 divide (h - -1) + -5 + 6?
True
Suppose g + 3*d = 250, 3*g - 1126 + 376 = -2*d. Is 36 a factor of g?
False
Let i = 80 + 68. Suppose 2*x - 6*x = -i. Does 37 divide x?
True
Suppose 21*f + 1345 = 26*f. Does 10 divide f?
False
Is 121 a factor of ((-15)/(-20))/((-16)/(-69696))?
True
Let l be (252/(-16))/7 + 4/16. Is 157 + (l - 2) - 2 a multiple of 24?
False
Let t = -3 + 51. Suppose -3*u = 5*a - t, a + 5 = -4*u + 1. Does 12 divide a?
True
Let x = -1241 + 3117. Is x a multiple of 14?
True
Suppose 2*y = -4*i + 934, 0 = -y - y + 3*i + 948. Does 29 divide y?
False
Suppose 26*w - 22*w = 648. Is 18 a factor of w?
True
Let h(x) = -x**2 + 1. Let a(u) = 76*u**3 + 4*u**2 - 3*u - 8. Let o(j) = -a(j) - 6*h(j). Is 34 a factor of o(-1)?
False
Let i(w) be the second derivative of 13*w**4/3 - w**3/6 - w**2/2 - 19*w. Is 52 a factor of i(-1)?
True
Let p(n) = n**3 - 9*n**2 + 6*n + 2. Let y(u) = u**3 - 9*u**2 + 5*u + 1. Let j(g) = 5*p(g) - 6*y(g). Does 2 divide j(9)?
True
Let x(d) = -3*d**2 + 25*d + 2. Let q(y) = 4*y**